{"id":537,"date":"2026-02-09T17:28:37","date_gmt":"2026-02-09T17:28:37","guid":{"rendered":"https:\/\/www.enfysfunerals.co.uk\/?page_id=537"},"modified":"2026-03-02T12:51:51","modified_gmt":"2026-03-02T12:51:51","slug":"gweinidogion","status":"publish","type":"page","link":"https:\/\/www.enfysfunerals.co.uk\/cy\/costau-ac-opsiynau\/gweinidogion\/","title":{"rendered":"Gweinidogion"},"content":{"rendered":"\n<div class=\"wp-block-group alignfull has-gradient-1-gradient-background has-background has-global-padding is-layout-constrained wp-container-core-group-is-layout-8131457d wp-block-group-is-layout-constrained\" style=\"margin-top:0;margin-bottom:0;padding-top:var(--wp--preset--spacing--50);padding-right:var(--wp--preset--spacing--50);padding-bottom:0;padding-left:var(--wp--preset--spacing--50)\">\n<h1 class=\"wp-block-heading has-xx-large-font-size\">Gweinidogion<\/h1>\n<\/div>\n\n\n\n<p>Rydym yn gweithio gyda llawer o wahanol weinyddion talentog, rhai ohonynt yn ddyneiddiol ac eraill yn ddi-ffydd ond yn hapus i gynnwys elfennau crefyddol os dymunwch, fel gweddi.<\/p>\n\n\n\n<p>Os ydych chi eisiau cynnal gwasanaeth di-grefyddol i&#8217;ch anwylyd, ar \u00f4l i ni gyfarfod \u00e2 chi, byddwn yn gallu argymell gweinydd yr ydym yn teimlo fyddai&#8217;n addas. Bydd y gweinydd yn cyfarfod \u00e2 chi ac yn helpu i adeiladu&#8217;r gwasanaeth gyda chymaint o fewnbwn gennych chi ag yr hoffech chi fel teulu.<\/p>\n\n\n\n<p>Os hoffech chi gyflwyno llawer o&#8217;r gwasanaeth eich hunain, efallai y byddwch chi&#8217;n dal i ddewis cael gweinydd i helpu i drefnu a dod \u00e2&#8217;r gwasanaeth at ei gilydd a bod yno ar y diwrnod i helpu i gydlynu&#8217;r gwahanol siaradwyr neu i gyflwyno ymrwymiad er enghraifft.<\/p>\n\n\n\n<p>Mae cost gweinydd yn dechrau ar \u00a3200.<\/p>\n\n\n\n<div style=\"height:100px\" aria-hidden=\"true\" class=\"wp-block-spacer\"><\/div>\n","protected":false},"excerpt":{"rendered":"<p>Gweinidogion Rydym yn gweithio gyda llawer o wahanol weinyddion talentog, rhai ohonynt yn ddyneiddiol ac eraill yn ddi-ffydd ond yn hapus i gynnwys elfennau crefyddol os dymunwch, fel gweddi. Os ydych chi eisiau cynnal gwasanaeth di-grefyddol i&#8217;ch anwylyd, ar \u00f4l i ni gyfarfod \u00e2 chi, byddwn yn gallu argymell gweinydd yr ydym yn teimlo fyddai&#8217;n [&hellip;]<\/p>\n","protected":false},"author":1,"featured_media":0,"parent":515,"menu_order":0,"comment_status":"closed","ping_status":"closed","template":"page-no-title","meta":{"footnotes":""},"class_list":["post-537","page","type-page","status-publish","hentry"],"aioseo_notices":[],"_links":{"self":[{"href":"https:\/\/www.enfysfunerals.co.uk\/cy\/wp-json\/wp\/v2\/pages\/537","targetHints":{"allow":["GET"]}}],"collection":[{"href":"https:\/\/www.enfysfunerals.co.uk\/cy\/wp-json\/wp\/v2\/pages"}],"about":[{"href":"https:\/\/www.enfysfunerals.co.uk\/cy\/wp-json\/wp\/v2\/types\/page"}],"author":[{"embeddable":true,"href":"https:\/\/www.enfysfunerals.co.uk\/cy\/wp-json\/wp\/v2\/users\/1"}],"replies":[{"embeddable":true,"href":"https:\/\/www.enfysfunerals.co.uk\/cy\/wp-json\/wp\/v2\/comments?post=537"}],"version-history":[{"count":3,"href":"https:\/\/www.enfysfunerals.co.uk\/cy\/wp-json\/wp\/v2\/pages\/537\/revisions"}],"predecessor-version":[{"id":697,"href":"https:\/\/www.enfysfunerals.co.uk\/cy\/wp-json\/wp\/v2\/pages\/537\/revisions\/697"}],"up":[{"embeddable":true,"href":"https:\/\/www.enfysfunerals.co.uk\/cy\/wp-json\/wp\/v2\/pages\/515"}],"wp:attachment":[{"href":"https:\/\/www.enfysfunerals.co.uk\/cy\/wp-json\/wp\/v2\/media?parent=537"}],"curies":[{"name":"wp","href":"https:\/\/api.w.org\/{rel}","templated":true}]}}

<div class="wp-block-group alignfull has-gradient-1-gradient-background has-background has-global-padding is-layout-constrained wp-container-core-group-is-layout-8131457d wp-block-group-is-layout-constrained" style="margin-top:0;margin-bottom:0;padding-top:var(--wp--preset--spacing--50);padding-right:var(--wp--preset--spacing--50);padding-bottom:0;padding-left:var(--wp--preset--spacing--50)">
<h1 class="wp-block-heading has-xx-large-font-size">Gweinidogion</h1>
</div>



<p>Rydym yn gweithio gyda llawer o wahanol weinyddion talentog, rhai ohonynt yn ddyneiddiol ac eraill yn ddi-ffydd ond yn hapus i gynnwys elfennau crefyddol os dymunwch, fel gweddi.</p>



<p>Os ydych chi eisiau cynnal gwasanaeth di-grefyddol i&#8217;ch anwylyd, ar ôl i ni gyfarfod â chi, byddwn yn gallu argymell gweinydd yr ydym yn teimlo fyddai&#8217;n addas. Bydd y gweinydd yn cyfarfod â chi ac yn helpu i adeiladu&#8217;r gwasanaeth gyda chymaint o fewnbwn gennych chi ag yr hoffech chi fel teulu.</p>



<p>Os hoffech chi gyflwyno llawer o&#8217;r gwasanaeth eich hunain, efallai y byddwch chi&#8217;n dal i ddewis cael gweinydd i helpu i drefnu a dod â&#8217;r gwasanaeth at ei gilydd a bod yno ar y diwrnod i helpu i gydlynu&#8217;r gwahanol siaradwyr neu i gyflwyno ymrwymiad er enghraifft.</p>



<p>Mae cost gweinydd yn dechrau ar £200.</p>



<div style="height:100px" aria-hidden="true" class="wp-block-spacer"></div>

<p>Gweinidogion Rydym yn gweithio gyda llawer o wahanol weinyddion talentog, rhai ohonynt yn ddyneiddiol ac eraill yn ddi-ffydd ond yn hapus i gynnwys elfennau crefyddol os dymunwch, fel gweddi. Os ydych chi eisiau cynnal gwasanaeth di-grefyddol i&#8217;ch anwylyd, ar ôl i ni gyfarfod â chi, byddwn yn gallu argymell gweinydd yr ydym yn teimlo fyddai&#8217;n [&hellip;]</p>
